he greatest common divisor of 492298 and 262.
262
What is the highest common divisor of 3398797812 and 12?
12
Calculate the greatest common factor of 33897212 and 244.
244
What is the highest common factor of 2183206 and 44206?
1426
What is the greatest common divisor of 3834 and 1370772576?
1278
What is the greatest common factor of 1380 and 30597495?
15
What is the greatest common factor of 98 and 10973844?
98
What is the greatest common divisor of 235300070 and 40?
10
Calculate the highest common factor of 1230 and 6054240.
30
What is the highest common factor of 72933066 and 63?
9
Calculate the greatest common factor of 7783336 and 149369.
4037
What is the greatest common factor of 19024 and 350320?
464
What is the greatest common divisor of 16353501 and 213?
213
What is the highest common divisor of 2334238 and 1116?
62
Calculate the greatest common factor of 4436697 and 8229.
633
Calculate the greatest common factor of 98046784 and 176.
176
What is the highest common factor of 304220 and 12546?
82
Calculate the greatest common divisor of 9108 and 1738593.
207
What is the greatest common factor of 61 and 2107186379?
61
What is the greatest common factor of 25001 and 1854422?
1087
Calculate the greatest common factor of 280065 and 390.
15
Calculate the highest common divisor of 23183843 and 15052.
3763
Calculate the highest common divisor of 77404 and 36852.
148
What is the highest common factor of 4563 and 439062?
507
Calculate the greatest common factor of 191938152 and 1256.
1256
What is the greatest common divisor of 5273849 and 9747?
361
What is the greatest common factor of 26 and 423199972?
26
What is the highest common divisor of 122550033 and 2973?
2973
Calculate the greatest common factor of 577444 and 14587.
503
What is the greatest common factor of 38380 and 227620?
380
What is the greatest common factor of 41226210 and 1140?
30
What is the greatest common divisor of 1298327 and 365769?
437
What is the highest common factor of 95144259 and 7?
7
Calculate the greatest common divisor of 18840898 and 1446.
482
Calculate the highest common factor of 5523789 and 153066.
789
What is the highest common divisor of 43996625 and 72875?
6625
Calculate the highest common factor of 5283927 and 486.
27
What is the highest common divisor of 1513 and 6446893?
1513
What is the greatest common divisor of 6505 and 16617673?
1301
What is the greatest common factor of 39 and 37013093?
13
Calculate the greatest common divisor of 2350149 and 327.
327
What is the highest common divisor of 289616 and 40848?
368
What is the highest common divisor of 3 and 838737813?
3
What is the greatest common factor of 1381093 and 63?
7
Calculate the greatest common factor of 50 and 4151275.
25
What is the highest common divisor of 728 and 17692584?
728
Calculate the greatest common divisor of 166063447 and 11.
11
Calculate the highest common factor of 446494 and 8.
2
What is the highest common divisor of 838143 and 437?
23
Calculate the highest common divisor of 6468 and 377202.
294
What is the greatest common factor of 65758 and 498036?
1078
Calculate the highest common factor of 78931962 and 162.
54
What is the greatest common divisor of 30956670 and 810?
90
What is the highest common divisor of 6530140 and 17380?
1580
Calculate the greatest common factor of 12141433 and 21535.
4307
What is the greatest common factor of 11810380 and 558?
62
What is the highest common divisor of 13729292 and 23533?
233
Calculate the greatest common factor of 4310 and 44054665.
2155
Calculate the highest common factor of 827 and 6807864.
827
What is the highest common factor of 5508 and 22762188?
108
Calculate the greatest common divisor of 15594 and 43739814.
678
Calculate the greatest common divisor of 1597 and 37563037.
1597
What is the highest common factor of 82919 and 467921?
293
Calculate the greatest common divisor of 8109808 and 2368.
592
What is the highest common divisor of 119784 and 663964?
644
What is the greatest common divisor of 10111635 and 60?
15
What is the highest common divisor of 27456231 and 15831?
5277
What is the highest common divisor of 440637 and 74593?
769
Calculate the highest common factor of 174924 and 24252.
516
What is the greatest common factor of 1125 and 24374880?
45
What is the highest common divisor of 39 and 39548379?
39
Calculate the greatest common divisor of 7291573 and 38.
19
Calculate the highest common factor of 143526 and 24.
6
Calculate the highest common factor of 1555037 and 1989955.
4103
Calculate the highest common divisor of 946951 and 901.
901
What is the highest common factor of 2243248052 and 92?
92
What is the highest common factor of 48853 and 3905249?
997
What is the greatest common divisor of 374576 and 112094?
82
Calculate the greatest common factor of 621 and 162269541.
27
What is the greatest common divisor of 20938 and 413345?
361
What is the highest common factor of 6055023 and 2889?
321
Calculate the greatest common factor of 81666 and 387738.
234
What is the greatest common divisor of 66696 and 8619267?
1191
What is the highest common divisor of 13468 and 9625772?
1924
Calculate the highest common factor of 3578268 and 620.
124
Calculate the highest common divisor of 2656677060 and 5580.
5580
Calculate the greatest common factor of 3155268 and 2652.
204
What is the highest common factor of 7994 and 1738124?
1142
Calculate the greatest common divisor of 103344660 and 210.
30
Calculate the greatest common factor of 56 and 197241784.
8
Calculate the highest common factor of 303323800 and 25.
25
Calculate the highest common divisor of 47 and 33818239.
47
Calculate the highest common factor of 1650 and 8426.
22
Calculate the greatest common divisor of 203 and 1142716.
29
What is the greatest common factor of 216471 and 252?
3
Calculate the greatest common factor of 122 and 18914331.
61
What is the highest common factor of 331976 and 17136?
136
Calculate the highest common divisor of 2456 and 23616.
8
Calculate the greatest common factor of 9720 and 509020.
20
What is the highest common factor of 26 and 950467193?
13
What is the greatest common factor of 3581500 and 429286?
494
What is the greatest common divisor of 762 and 60441078?
762
Calculate the greatest common divisor of 249725 and 435225.
175
Calculate the highest common factor of 7123 and 3816721.
17
What is the greatest common factor of 809723 and 1383931?
2243
What is the greatest common divisor of 119209423 and 442?
17
Calculate the greatest common divisor of 4896 and 827936.
32
Calculate the greatest common factor of 54738152 and 5688.
632
What is the greatest common factor of 4978763 and 718348?
3821
What is the highest common factor of 43 and 5438124?
43
Calculate the highest common divisor of 4856256 and 93456.
144
What is the highest common factor of 1054332324 and 8?
4
Calculate the greatest common factor of 1795 and 3759089.
359
What is the highest common factor of 24953976 and 68199?
381
Calculate the greatest common factor of 96236623 and 92.
23
What is the highest common factor of 2388 and 30393469?
199
Calculate the highest common divisor of 9 and 1318363578.
9
Calculate the greatest common factor of 284221412 and 1606.
146
Calculate the greatest common factor of 548597 and 11631263.
5033
Calculate the greatest common factor of 16441 and 55227.
41
What is the highest common factor of 1848729 and 183?
3
What is the highest common divisor of 10 and 1493692080?
10
Calculate the greatest common divisor of 1145851 and 973.
7
What is the highest common divisor of 2718 and 13732242?
906
Calculate the highest common divisor of 17337610 and 558770.
7870
Calculate the greatest common factor of 1188 and 290961.
99
Calculate the greatest common factor of 32 and 21881264.
16
Calculate the highest common factor of 43674 and 5742.
174
What is the greatest common divisor of 1470808 and 14?
2
What is the highest common divisor of 27 and 82951641?
27
Calculate the highest common divisor of 15200871 and 21.
21
What is the greatest common factor of 17628 and 542852?
452
What is the greatest common divisor of 13282539 and 513?
57
What is the highest common divisor of 2084926700 and 620?
620
What is the highest common divisor of 5427717 and 37733?
389
What is the hi